ctors of c?
7
Let s be (14/6 - -1)/(56/84). Suppose -3*p + 139 = 4*g - 86, -s*p + 3*g + 404 = 0. List the prime factors of p.
79
Suppose 5*y = -10 + 30. Suppose -5*j = -y*j - 31. What are the prime factors of j?
31
Let a(r) = -145*r - 514. List the prime factors of a(-12).
2, 613
Suppose 2*h - 2*d + 459 = 3*h, -2*h + 890 = -3*d. List the prime factors of h.
11, 41
Let b be (5 + -9)*20/(-16). Suppose 223 + 34 = b*v - 2*n, -2*n + 151 = 3*v. List the prime factors of v.
3, 17
Suppose -93*p + 2736 = -89*p. List the prime factors of p.
2, 3, 19
Let k(l) = 5*l - 39. Suppose 25 = 5*b + 4*u, -3*b - 5*u + 4 - 2 = 0. What are the prime factors of k(b)?
2, 3
Suppose -35 = 3*x - 5*v, 0*v + 4*v = -5*x - 9. Let r be (0 - -3) + (-25)/x. What are the prime factors of 1/r - 2151/(-72)?
2, 3, 5
Suppose 1 + 9 = 5*v. Let o be (9/9)/(v/(-6)). What are the prime factors of (-38 - 3)/(o/3)?
41
Let x(j) be the second derivative of -j**5/20 - 5*j**4/12 + j**3/3 + 9*j**2/2 - 15*j. Let y be -1*12/3 - 2. What are the prime factors of x(y)?
3, 11
Suppose 121 = 5*g + 21. Suppose 2*d + 2*k - 128 = -2*d, 0 = -5*k - g. List the prime factors of d.
2, 17
Let g = -1194 - -1750. List the prime factors of g.
2, 139
Suppose -3*t - m + 4188 = 0, 3*t = 4*m + 4706 - 533. What are the prime factors of t?
3, 5, 31
Suppose 0 = -0*g + 2*g + 1536. Let o be 1/(-5) - g/15. Suppose -4*n + 45 + o = 0. What are the prime factors of n?
2, 3
Suppose -7 = -2*p + 3. Let g(q) = q**3 + q**2 - 3*q - 8. What are the prime factors of g(p)?
127
Let q(s) = 2*s**2 + s + 3. Let f be q(0). Let l(x) = -x**2 - x + 1. Let n(c) = -8*c**2 - 6*c + 1. Let g(j) = 5*l(j) - n(j). What are the prime factors of g(f)?
2, 17
Let z be (-42)/((-7)/((-28)/(-3))). Suppose i - x - x = z, -3*i - 4*x + 118 = 0. List the prime factors of i.
2, 23
List the prime factors of (3100/(-80))/(3/(-60 - 0)).
5, 31
Suppose 11 = 2*q - 1. Let y(f) = -f + 2. Let p be y(3). What are the prime factors of 87/p*(-2)/q?
29
Suppose 94*g - 107*g + 11206 = 0. List the prime factors of g.
2, 431
Suppose 0*a + 6219 = 5*k - 3*a, -a = k - 1247. List the prime factors of k.
3, 5, 83
Let h(q) = -q**3 + 4*q**2 + 3*q - 4. Let y be h(4). Let d be (-2)/(-11) + y/(-44). Suppose d = 5*p - 0*p - 20. What are the prime factors of p?
2
List the prime factors of (-4)/40 + 961224/240.
3, 5, 89
Let l be -1*5*78/(-65). Suppose -l*s + 110 = -4*s. List the prime factors of s.
5, 11
Suppose 0 = -5*b - 6 + 31, 224 = -2*y + 2*b. Let j = -55 - y. What are the prime factors of j?
2, 13
Suppose 4*x - 2*x - 541 = m, -x + 278 = -2*m. Suppose 4*y + 2*i = x, 0*i - i = -3*y + 201. What are the prime factors of y?
67
What are the prime factors of 5*(74/407 + (-7696)/(-22))?
2, 5, 7
Let v = 1224 - 403. What are the prime factors of v?
821
Let s(h) = 0*h**2 + 1 - 3*h + h**3 - 2*h**3 - 4*h**2 + 0. Let j be s(-4). Let y = -1 + j. What are the prime factors of y?
2, 3
Suppose -l = b - 0*b - 97, 0 = 4*l + 16. Suppose 2*a - 69 = -a - c, b = 5*a - 3*c. What are the prime factors of a + (-3 - -6) + -6?
19
Suppose -81 - 5 = -2*i + 2*j, -5*j = i - 61. Suppose 14 + i = -3*m. Let u = m + 38. List the prime factors of u.
2, 3
Suppose -b - 2*z - 50 = 0, 3*b - z + 10 + 154 = 0. Let p = 166 + b. Let a = -45 + p. List the prime factors of a.
67
Let f = 29 + -26. Suppose f*o - 232 = -4*x - o, 132 = 2*x - 2*o. List the prime factors of x.
2, 31
Let z = 5983 - 3554. What are the prime factors of z?
7, 347
Let s(o) = 41*o + 22. Let d be s(-4). Let v = 388 + d. What are the prime factors of v?
2, 3, 41
Suppose -3146 = -4*n + 2*o + 3310, 4 = o. List the prime factors of n.
2, 101
Suppose 0*n - 3*n - 57 = 0. Let o(j) = -j - 13. What are the prime factors of o(n)?
2, 3
Let o = -14 + 17. Suppose -w - 9 = o. List the prime factors of 5/(20/w) + 18.
3, 5
Let y(s) = -s + 11. Let g be y(6). Suppose 3*p - 357 = -g*j, -j + 53 = -4*p - 0*p. Suppose 2*x = -x + j. List the prime factors of x.
23
Let b(z) = -83*z + 154. What are the prime factors of b(-19)?
3, 577
Let z(k) = 5*k**3 + k. Let o = 2 - 1. What are the prime factors of z(o)?
2, 3
Suppose 2*z + 9 = 5*z. Suppose z*u - r = 206, 4*r = 3 + 1. Suppose 3*f - u = -9. What are the prime factors of f?
2, 5
Suppose -21*m - 37*m = -7076. What are the prime factors of m?
2, 61
Suppose -29*l - 1641 = -32*l. List the prime factors of l.
547
Let d be -2 + -1 + 3*1. Suppose d = 2*m + 2*m - 240. Let v = -28 + m. What are the prime factors of v?
2
Let d = 15 + 473. List the prime factors of d.
2, 61
What are the prime factors of (-32)/8 + ((-6)/(-2) - -861)?
2, 5, 43
Suppose a - 13 = -a + 3*o, 5*a - 5*o = 30. Suppose -c - 1 = 0, -3*i - a*c + 5 = 2*i. List the prime factors of (9/i + -3)*14.
3, 7
Let q(u) = -9*u**2 + 56*u - 12. Let f be q(6). Suppose -4*b = -16, -2*b - b + 42 = 5*j. Suppose 3*l + j = 0, -l + 187 = 3*t - f*l. List the prime factors of t.
3, 7
Let t be (-12)/(-10)*-2*(-50)/(-2). Let b = 143 + t. List the prime factors of b.
83
Let o(t) = t + 10. Let w be o(-7). Suppose -2*p = -3*p - w. Let s(i) = i**2 + 3. List the prime factors of s(p).
2, 3
Suppose -2*f = -f - 4. Suppose 3*z = 2*b - b + 197, -f*z = b - 258. List the prime factors of z.
5, 13
Let m = 5 - -5. Suppose u - 15 = -m. Suppose 0 = 5*i - d - 45, -5*i = u*d - 13 - 2. List the prime factors of i.
2
Let a = 463 - 446. List the prime factors of a.
17
Let a(w) = 3*w**2 - 5*w - 20. List the prime factors of a(-9).
2, 67
Let d(x) = 18*x**2 + 8*x - 6. Let k be d(-5). Let b = k + -230. List the prime factors of b.
2, 3, 29
Let d = -111 + -155. Let x = -53 - d. List the prime factors of x.
3, 71
Suppose 2*j - 11 = -5*o + 19, 3*j = 4*o - 1. Suppose t + 20 = 3*c + 3, -26 = -o*c + 3*t. Suppose c*r = 6 + 104. List the prime factors of r.
2, 11
Let q(v) = -v**2 + 21*v + 45. Let o be q(23). What are the prime factors of (-2)/(-8)*-10*(-49 - o)?
2, 3, 5
Let f = -4 + 7. Suppose 3*i + f*i = 48. Suppose -6*a = -i*a + 74. List the prime factors of a.
37
Suppose -2*h - 31 = 25. Let d = h - -67. List the prime factors of d.
3, 13
Suppose -5*d - 18*d = -31349. List the prime factors of d.
29, 47
Let v(i) = -i**3 - 11*i**2 + 12*i + 3. Let p be v(-12). Suppose -5*s = -p*c + 211, c = -5*s - 0*s - 223. Let w = s - -73. What are the prime factors of w?
29
Suppose -33*w + 86 = -34*w. Let h be 464/(-24)*(-3)/(-2). Let v = h - w. List the prime factors of v.
3, 19
Let r(x) = -6*x - 15. Let s be r(-3). Suppose 0 = -4*q + s*q + 3, -3*q = -5*d + 131. List the prime factors of d.
2, 7
Let k be 24/(-6) + -5 + (2 - 0). Let r(o) = 2*o - 4*o + 9 + 0 - o. List the prime factors of r(k).
2, 3, 5
Let x = 1474 - -186. What are the prime factors of x?
2, 5, 83
Suppose -17*z = 3939 + 5054. Let u = -378 - z. What are the prime factors of u?
151
Let d(z) = 2*z**2 - 7*z - 7. Let x(r) = -r - 1. Let o be x(-4). Let w(l) = 2*l. Let j be w(o). What are the prime factors of d(j)?
23
Let h(g) = -g**3 - g**2 + 6*g. Let t be h(-3). Suppose -2*w - 5 - 7 = t. Let i = 1 - w. What are the prime factors of i?
7
Suppose -3*d + 5*d + 60 = 0. Let h be (182/(-21))/(4/d). Suppose -3*o + 124 = 5*g, 0 = -4*g + 2*o + h + 21. What are the prime factors of g?
23
Let a(y) = -3*y + 5. Let h be a(0). Suppose 2 = -q - h*l - 1, 0 = 4*q - 4*l - 12. What are the prime factors of q?
2
Let q be ((-4)/6)/((-6)/(-18)). Let s(a) = 26*a + 4. Let g be s(q). Let u = -28 - g. What are the prime factors of u?
2, 5
Suppose 3*i + 2897 = 7319. What are the prime factors of i?
2, 11, 67
Let t(h) = 1533*h**2 - 6*h - 8. List the prime factors of t(-1).
1531
Let x = 999 + -587. List the prime factors of x.
2, 103
List the prime factors of 24 - -1619 - (2 - 13).
2, 827
Let o be (-1 - 3) + 42 - -3. Suppose -o = -6*j + 475. List the prime factors of j.
2, 43
Suppose -r = 3*m - 5599 - 3068, -5*m - 2*r + 14444 = 0. List the prime factors of m.
2, 5, 17
Let d(h) be the third derivative of h**6/120 - h**5/20 - h**4/8 - 5*h**3/6 - 13*h**2. Let r be d(4). What are the prime factors of r/(1 + 160/(-156))?
3, 13
Let h = -4625 - -6864. List the prime factors of h.
2239
Let m be (-2)/(-22) - ((-4492)/(-44) - -2). Let v = 59 + -217. Let n = m - v. List the prime factors of n.
2, 3
Suppose 4*f + 5*d - 1375 = 2480, 5*d + 25 = 0. What are the prime factors of f?
2, 5, 97
Suppose 5*t + 6 = 4*t. Let w = t - -